{"id":1922,"date":"2021-08-03T08:30:51","date_gmt":"2021-08-03T08:30:51","guid":{"rendered":"http:\/\/dummy.xtemos.com\/woodmart2\/?page_id=1922"},"modified":"2025-07-14T20:16:10","modified_gmt":"2025-07-14T20:16:10","slug":"home-video","status":"publish","type":"page","link":"https:\/\/teamsecuresac.com\/","title":{"rendered":"Home Video"},"content":{"rendered":"<p>[vc_row full_width=\u00bbstretch_row_content_no_spaces\u00bb css=\u00bb.vc_custom_1627982612245{margin-bottom: 2px !important;}\u00bb woodmart_css_id=\u00bb61090b12346e5&#8243; responsive_spacing=\u00bbeyJwYXJhbV90eXBlIjoid29vZG1hcnRfcmVzcG9uc2l2ZV9zcGFjaW5nIiwic2VsZWN0b3JfaWQiOiI2MTA5MGIxMjM0NmU1Iiwic2hvcnRjb2RlIjoidmNfcm93IiwiZGF0YSI6eyJ0YWJsZXQiOnt9LCJtb2JpbGUiOnt9fX0=\u00bb mobile_bg_img_hidden=\u00bbno\u00bb tablet_bg_img_hidden=\u00bbno\u00bb woodmart_parallax=\u00bb0&#8243; woodmart_gradient_switch=\u00bbno\u00bb row_reverse_mobile=\u00bb0&#8243; row_reverse_tablet=\u00bb0&#8243; woodmart_disable_overflow=\u00bb0&#8243;][vc_column][rev_slider_vc alias=\u00bbvideo\u00bb][\/vc_column][\/vc_row][vc_row full_width=\u00bbstretch_row\u00bb woodmart_gradient_switch=\u00bbyes\u00bb css=\u00bb.vc_custom_1752523544535{margin-bottom: -40px !important;padding-top: 140px !important;padding-bottom: 140px !important;background: #161616 url(https:\/\/teamsecuresac.com\/wp-content\/uploads\/2025\/07\/AdobeStock_614759545-scaled-1-1920&#215;1080-1.jpg?id=9454) !important;background-position: center !important;background-repeat: no-repeat !important;background-size: cover !important;}\u00bb woodmart_color_gradient=\u00bbrgba(0, 0, 0, 0.1)-0\/rgba(0, 0, 0, 0.1)-100\/|linear-gradient(left , rgba(0, 0, 0, 0.1) , rgba(0, 0, 0, 0.1) 100%)|linear|left\u00bb woodmart_css_id=\u00bb687562ebb7ec9&#8243; responsive_spacing=\u00bbeyJwYXJhbV90eXBlIjoid29vZG1hcnRfcmVzcG9uc2l2ZV9zcGFjaW5nIiwic2VsZWN0b3JfaWQiOiI2ODc1NjJlYmI3ZWM5Iiwic2hvcnRjb2RlIjoidmNfcm93IiwiZGF0YSI6eyJ0YWJsZXQiOnt9LCJtb2JpbGUiOnsicGFkZGluZy10b3AiOiIxMDBweCIsInBhZGRpbmctYm90dG9tIjoiMTAwcHgifX19&#8243; mobile_bg_img_hidden=\u00bbno\u00bb tablet_bg_img_hidden=\u00bbno\u00bb woodmart_parallax=\u00bb0&#8243; row_reverse_mobile=\u00bb0&#8243; row_reverse_tablet=\u00bb0&#8243; woodmart_disable_overflow=\u00bb0&#8243; woodmart_box_shadow=\u00bbno\u00bb wd_z_index=\u00bbno\u00bb][vc_column width=\u00bb2\/3&#8243; offset=\u00bbvc_col-sm-offset-2&#8243; css=\u00bb.vc_custom_1627981307655{padding-top: 0px !important;}\u00bb woodmart_css_id=\u00bb610905f970b2f\u00bb responsive_spacing=\u00bbeyJwYXJhbV90eXBlIjoid29vZG1hcnRfcmVzcG9uc2l2ZV9zcGFjaW5nIiwic2VsZWN0b3JfaWQiOiI2MTA5MDVmOTcwYjJmIiwic2hvcnRjb2RlIjoidmNfY29sdW1uIiwiZGF0YSI6eyJ0YWJsZXQiOnt9LCJtb2JpbGUiOnt9fX0=\u00bb parallax_scroll=\u00bbno\u00bb mobile_bg_img_hidden=\u00bbno\u00bb tablet_bg_img_hidden=\u00bbno\u00bb woodmart_parallax=\u00bb0&#8243; woodmart_sticky_column=\u00bbfalse\u00bb mobile_reset_margin=\u00bbno\u00bb tablet_reset_margin=\u00bbno\u00bb][woodmart_title title_width=\u00bbcustom\u00bb color=\u00bbwhite\u00bb size=\u00bblarge\u00bb title=\u00bb\u00bfPor qu\u00e9 elegir Team Secure?\u00bb woodmart_css_id=\u00bb68753d189c529&#8243; responsive_spacing=\u00bbeyJwYXJhbV90eXBlIjoid29vZG1hcnRfcmVzcG9uc2l2ZV9zcGFjaW5nIiwic2VsZWN0b3JfaWQiOiI2ODc1M2QxODljNTI5Iiwic2hvcnRjb2RlIjoid29vZG1hcnRfdGl0bGUiLCJkYXRhIjp7InRhYmxldCI6e30sIm1vYmlsZSI6e319fQ==\u00bb title_desktop_width=\u00bbeyJwYXJhbV90eXBlIjoid29vZG1hcnRfc2xpZGVyIiwiY3NzX2FyZ3MiOnsiLS13ZC1tYXgtd2lkdGgiOlsiIl19LCJjc3NfcGFyYW1zIjp7ImRldmljZSI6ImRlc2t0b3AifSwic2VsZWN0b3JfaWQiOiI2ODc1M2QxODljNTI5IiwiZGF0YSI6eyJkZXNrdG9wIjo0ODV9fQ==\u00bb title_tablet_width=\u00bbeyJwYXJhbV90eXBlIjoid29vZG1hcnRfc2xpZGVyIiwiY3NzX2FyZ3MiOnsiLS13ZC1tYXgtd2lkdGgiOlsiIl19LCJjc3NfcGFyYW1zIjp7ImRldmljZSI6InRhYmxldCJ9LCJzZWxlY3Rvcl9pZCI6IjY4NzUzZDE4OWM1MjkiLCJkYXRhIjp7InRhYmxldCI6MzU1fX0=\u00bb woodmart_empty_space=\u00bb\u00bb][woodmart_text_block text_color_scheme=\u00bblight\u00bb text_font_size=\u00bbl\u00bb text_font_weight=\u00bb100&#8243; text_align=\u00bbcenter\u00bb woodmart_css_id=\u00bb68753d6cbbe1a\u00bb css=\u00bb.vc_custom_1752513941102{margin-bottom: 20px !important;}\u00bb parallax_scroll=\u00bbno\u00bb woodmart_inline=\u00bbno\u00bb wd_hide_on_desktop=\u00bbno\u00bb wd_hide_on_tablet_landscape=\u00bbno\u00bb wd_hide_on_tablet=\u00bbno\u00bb wd_hide_on_mobile=\u00bbno\u00bb woodmart_empty_space=\u00bb\u00bb responsive_spacing=\u00bbeyJwYXJhbV90eXBlIjoid29vZG1hcnRfcmVzcG9uc2l2ZV9zcGFjaW5nIiwic2VsZWN0b3JfaWQiOiI2ODc1M2Q2Y2JiZTFhIiwic2hvcnRjb2RlIjoid29vZG1hcnRfdGV4dF9ibG9jayIsImRhdGEiOnsidGFibGV0Ijp7fSwibW9iaWxlIjp7fX19&#8243;]En Team Secure, entendemos que la informaci\u00f3n es uno de los activos m\u00e1s valiosos de una organizaci\u00f3n. Nuestra soluci\u00f3n de ciberinteligencia est\u00e1 dise\u00f1ada para ayudar a anticiparse a las amenazas, identificar actores maliciosos y tomar decisiones informadas para proteger tu empresa de forma proactiva.[\/woodmart_text_block][woodmart_mailchimp color_scheme=\u00bblight\u00bb form_id=\u00bb74&#8243; css=\u00bb.vc_custom_1635342612961{margin-bottom: 20px !important;}\u00bb woodmart_css_id=\u00bb6179590bd4e7f\u00bb content_desktop_width=\u00bbeyJwYXJhbV90eXBlIjoid29vZG1hcnRfc2xpZGVyIiwiY3NzX2FyZ3MiOnsiLS13ZC1tYXgtd2lkdGgiOlsiIl19LCJjc3NfcGFyYW1zIjp7ImRldmljZSI6ImRlc2t0b3AifSwic2VsZWN0b3JfaWQiOiI2MTQ1YjI0Nzc3MzhhIiwiZGF0YSI6eyJkZXNrdG9wIjo0MjB9fQ==\u00bb form_width=\u00bbeyJkZXZpY2VzIjp7ImRlc2t0b3AiOnsidW5pdCI6InB4IiwidmFsdWUiOiI0MjAifSwidGFibGV0Ijp7InVuaXQiOiIlIiwidmFsdWUiOiIifSwibW9iaWxlIjp7InVuaXQiOiIlIiwidmFsdWUiOiIifX0sInNlbGVjdG9yX2lkIjoiNjE3OTU5MGJkNGU3ZiIsInNob3J0Y29kZSI6Indvb2RtYXJ0X21haWxjaGltcCIsInNlbGVjdG9ycyI6eyJ7e1dSQVBQRVJ9fSI6WyItLXdkLW1heC13aWR0aDoge3tWQUxVRX19e3tVTklUfX07Il19fQ==\u00bb responsive_spacing=\u00bbeyJwYXJhbV90eXBlIjoid29vZG1hcnRfcmVzcG9uc2l2ZV9zcGFjaW5nIiwic2VsZWN0b3JfaWQiOiI2MTc5NTkwYmQ0ZTdmIiwic2hvcnRjb2RlIjoid29vZG1hcnRfbWFpbGNoaW1wIiwiZGF0YSI6eyJ0YWJsZXQiOnt9LCJtb2JpbGUiOnt9fX0=\u00bb][\/vc_column][\/vc_row]<\/p>\n","protected":false},"excerpt":{"rendered":"<p>[vc_row full_width=\u00bbstretch_row_content_no_spaces\u00bb css=\u00bb.vc_custom_1627982612245{margin-bottom: 2px !important;}\u00bb woodmart_css_id=\u00bb61090b12346e5&#8243; responsive_spacing=\u00bbeyJwYXJhbV90eXBlIjoid29vZG1hcnRfcmVzcG9uc2l2ZV9zcGFjaW5nIiwic2VsZWN0b3JfaWQiOiI2MTA5MGIxMjM0NmU1Iiwic2hvcnRjb2RlIjoidmNfcm93IiwiZGF0YSI6eyJ0YWJsZXQiOnt9LCJtb2JpbGUiOnt9fX0=\u00bb mobile_bg_img_hidden=\u00bbno\u00bb tablet_bg_img_hidden=\u00bbno\u00bb woodmart_parallax=\u00bb0&#8243; woodmart_gradient_switch=\u00bbno\u00bb row_reverse_mobile=\u00bb0&#8243; row_reverse_tablet=\u00bb0&#8243; woodmart_disable_overflow=\u00bb0&#8243;][vc_column][rev_slider_vc alias=\u00bbvideo\u00bb][\/vc_column][\/vc_row][vc_row full_width=\u00bbstretch_row\u00bb woodmart_gradient_switch=\u00bbyes\u00bb css=\u00bb.vc_custom_1752523544535{margin-bottom: -40px !important;padding-top: 140px !important;padding-bottom: 140px !important;background: #161616 url(https:\/\/teamsecuresac.com\/wp-content\/uploads\/2025\/07\/AdobeStock_614759545-scaled-1-1920&#215;1080-1.jpg?id=9454) !important;background-position: center !important;background-repeat: no-repeat !important;background-size: cover !important;}\u00bb woodmart_color_gradient=\u00bbrgba(0, 0, 0, 0.1)-0\/rgba(0, 0, 0, 0.1)-100\/|linear-gradient(left , rgba(0, 0, 0, 0.1) , rgba(0, 0, 0, 0.1) 100%)|linear|left\u00bb woodmart_css_id=\u00bb687562ebb7ec9&#8243; responsive_spacing=\u00bbeyJwYXJhbV90eXBlIjoid29vZG1hcnRfcmVzcG9uc2l2ZV9zcGFjaW5nIiwic2VsZWN0b3JfaWQiOiI2ODc1NjJlYmI3ZWM5Iiwic2hvcnRjb2RlIjoidmNfcm93IiwiZGF0YSI6eyJ0YWJsZXQiOnt9LCJtb2JpbGUiOnsicGFkZGluZy10b3AiOiIxMDBweCIsInBhZGRpbmctYm90dG9tIjoiMTAwcHgifX19&#8243; mobile_bg_img_hidden=\u00bbno\u00bb tablet_bg_img_hidden=\u00bbno\u00bb [&hellip;]<\/p>\n","protected":false},"author":1,"featured_media":0,"parent":0,"menu_order":0,"comment_status":"closed","ping_status":"closed","template":"","meta":{"footnotes":""},"class_list":["post-1922","page","type-page","status-publish","hentry"],"yoast_head":"<!-- This site is optimized with the Yoast SEO plugin v27.4 - https:\/\/yoast.com\/product\/yoast-seo-wordpress\/ -->\n<title>Home Video - TEAM SECURE SAC<\/title>\n<meta name=\"robots\" content=\"index, follow, max-snippet:-1, max-image-preview:large, max-video-preview:-1\" \/>\n<link rel=\"canonical\" href=\"https:\/\/teamsecuresac.com\/\" \/>\n<meta property=\"og:locale\" content=\"es_ES\" \/>\n<meta property=\"og:type\" content=\"article\" \/>\n<meta property=\"og:title\" content=\"Home Video - TEAM SECURE SAC\" \/>\n<meta property=\"og:description\" content=\"[vc_row full_width=\u00bbstretch_row_content_no_spaces\u00bb css=\u00bb.vc_custom_1627982612245{margin-bottom: 2px !important;}\u00bb woodmart_css_id=\u00bb61090b12346e5&#8243; responsive_spacing=\u00bbeyJwYXJhbV90eXBlIjoid29vZG1hcnRfcmVzcG9uc2l2ZV9zcGFjaW5nIiwic2VsZWN0b3JfaWQiOiI2MTA5MGIxMjM0NmU1Iiwic2hvcnRjb2RlIjoidmNfcm93IiwiZGF0YSI6eyJ0YWJsZXQiOnt9LCJtb2JpbGUiOnt9fX0=\u00bb mobile_bg_img_hidden=\u00bbno\u00bb tablet_bg_img_hidden=\u00bbno\u00bb woodmart_parallax=\u00bb0&#8243; woodmart_gradient_switch=\u00bbno\u00bb row_reverse_mobile=\u00bb0&#8243; row_reverse_tablet=\u00bb0&#8243; woodmart_disable_overflow=\u00bb0&#8243;][vc_column][rev_slider_vc alias=\u00bbvideo\u00bb][\/vc_column][\/vc_row][vc_row full_width=\u00bbstretch_row\u00bb woodmart_gradient_switch=\u00bbyes\u00bb css=\u00bb.vc_custom_1752523544535{margin-bottom: -40px !important;padding-top: 140px !important;padding-bottom: 140px !important;background: #161616 url(https:\/\/teamsecuresac.com\/wp-content\/uploads\/2025\/07\/AdobeStock_614759545-scaled-1-1920&#215;1080-1.jpg?id=9454) !important;background-position: center !important;background-repeat: no-repeat !important;background-size: cover !important;}\u00bb woodmart_color_gradient=\u00bbrgba(0, 0, 0, 0.1)-0\/rgba(0, 0, 0, 0.1)-100\/|linear-gradient(left , rgba(0, 0, 0, 0.1) , rgba(0, 0, 0, 0.1) 100%)|linear|left\u00bb woodmart_css_id=\u00bb687562ebb7ec9&#8243; responsive_spacing=\u00bbeyJwYXJhbV90eXBlIjoid29vZG1hcnRfcmVzcG9uc2l2ZV9zcGFjaW5nIiwic2VsZWN0b3JfaWQiOiI2ODc1NjJlYmI3ZWM5Iiwic2hvcnRjb2RlIjoidmNfcm93IiwiZGF0YSI6eyJ0YWJsZXQiOnt9LCJtb2JpbGUiOnsicGFkZGluZy10b3AiOiIxMDBweCIsInBhZGRpbmctYm90dG9tIjoiMTAwcHgifX19&#8243; mobile_bg_img_hidden=\u00bbno\u00bb tablet_bg_img_hidden=\u00bbno\u00bb [&hellip;]\" \/>\n<meta property=\"og:url\" content=\"https:\/\/teamsecuresac.com\/\" \/>\n<meta property=\"og:site_name\" content=\"TEAM SECURE SAC\" \/>\n<meta property=\"article:modified_time\" content=\"2025-07-14T20:16:10+00:00\" \/>\n<meta name=\"twitter:card\" content=\"summary_large_image\" \/>\n<meta name=\"twitter:label1\" content=\"Tiempo de lectura\" \/>\n\t<meta name=\"twitter:data1\" content=\"3 minutos\" \/>\n<script type=\"application\/ld+json\" class=\"yoast-schema-graph\">{\"@context\":\"https:\\\/\\\/schema.org\",\"@graph\":[{\"@type\":\"WebPage\",\"@id\":\"https:\\\/\\\/teamsecuresac.com\\\/\",\"url\":\"https:\\\/\\\/teamsecuresac.com\\\/\",\"name\":\"Home Video - TEAM SECURE SAC\",\"isPartOf\":{\"@id\":\"https:\\\/\\\/teamsecuresac.com\\\/#website\"},\"datePublished\":\"2021-08-03T08:30:51+00:00\",\"dateModified\":\"2025-07-14T20:16:10+00:00\",\"breadcrumb\":{\"@id\":\"https:\\\/\\\/teamsecuresac.com\\\/#breadcrumb\"},\"inLanguage\":\"es\",\"potentialAction\":[{\"@type\":\"ReadAction\",\"target\":[\"https:\\\/\\\/teamsecuresac.com\\\/\"]}]},{\"@type\":\"BreadcrumbList\",\"@id\":\"https:\\\/\\\/teamsecuresac.com\\\/#breadcrumb\",\"itemListElement\":[{\"@type\":\"ListItem\",\"position\":1,\"name\":\"Portada\",\"item\":\"https:\\\/\\\/teamsecuresac.com\\\/\"},{\"@type\":\"ListItem\",\"position\":2,\"name\":\"Home Video\"}]},{\"@type\":\"WebSite\",\"@id\":\"https:\\\/\\\/teamsecuresac.com\\\/#website\",\"url\":\"https:\\\/\\\/teamsecuresac.com\\\/\",\"name\":\"TEAM SECURE SAC\",\"description\":\"My WordPress Blog\",\"potentialAction\":[{\"@type\":\"SearchAction\",\"target\":{\"@type\":\"EntryPoint\",\"urlTemplate\":\"https:\\\/\\\/teamsecuresac.com\\\/?s={search_term_string}\"},\"query-input\":{\"@type\":\"PropertyValueSpecification\",\"valueRequired\":true,\"valueName\":\"search_term_string\"}}],\"inLanguage\":\"es\"}]}<\/script>\n<!-- \/ Yoast SEO plugin. -->","yoast_head_json":{"title":"Home Video - TEAM SECURE SAC","robots":{"index":"index","follow":"follow","max-snippet":"max-snippet:-1","max-image-preview":"max-image-preview:large","max-video-preview":"max-video-preview:-1"},"canonical":"https:\/\/teamsecuresac.com\/","og_locale":"es_ES","og_type":"article","og_title":"Home Video - TEAM SECURE SAC","og_description":"[vc_row full_width=\u00bbstretch_row_content_no_spaces\u00bb css=\u00bb.vc_custom_1627982612245{margin-bottom: 2px !important;}\u00bb woodmart_css_id=\u00bb61090b12346e5&#8243; responsive_spacing=\u00bbeyJwYXJhbV90eXBlIjoid29vZG1hcnRfcmVzcG9uc2l2ZV9zcGFjaW5nIiwic2VsZWN0b3JfaWQiOiI2MTA5MGIxMjM0NmU1Iiwic2hvcnRjb2RlIjoidmNfcm93IiwiZGF0YSI6eyJ0YWJsZXQiOnt9LCJtb2JpbGUiOnt9fX0=\u00bb mobile_bg_img_hidden=\u00bbno\u00bb tablet_bg_img_hidden=\u00bbno\u00bb woodmart_parallax=\u00bb0&#8243; woodmart_gradient_switch=\u00bbno\u00bb row_reverse_mobile=\u00bb0&#8243; row_reverse_tablet=\u00bb0&#8243; woodmart_disable_overflow=\u00bb0&#8243;][vc_column][rev_slider_vc alias=\u00bbvideo\u00bb][\/vc_column][\/vc_row][vc_row full_width=\u00bbstretch_row\u00bb woodmart_gradient_switch=\u00bbyes\u00bb css=\u00bb.vc_custom_1752523544535{margin-bottom: -40px !important;padding-top: 140px !important;padding-bottom: 140px !important;background: #161616 url(https:\/\/teamsecuresac.com\/wp-content\/uploads\/2025\/07\/AdobeStock_614759545-scaled-1-1920&#215;1080-1.jpg?id=9454) !important;background-position: center !important;background-repeat: no-repeat !important;background-size: cover !important;}\u00bb woodmart_color_gradient=\u00bbrgba(0, 0, 0, 0.1)-0\/rgba(0, 0, 0, 0.1)-100\/|linear-gradient(left , rgba(0, 0, 0, 0.1) , rgba(0, 0, 0, 0.1) 100%)|linear|left\u00bb woodmart_css_id=\u00bb687562ebb7ec9&#8243; responsive_spacing=\u00bbeyJwYXJhbV90eXBlIjoid29vZG1hcnRfcmVzcG9uc2l2ZV9zcGFjaW5nIiwic2VsZWN0b3JfaWQiOiI2ODc1NjJlYmI3ZWM5Iiwic2hvcnRjb2RlIjoidmNfcm93IiwiZGF0YSI6eyJ0YWJsZXQiOnt9LCJtb2JpbGUiOnsicGFkZGluZy10b3AiOiIxMDBweCIsInBhZGRpbmctYm90dG9tIjoiMTAwcHgifX19&#8243; mobile_bg_img_hidden=\u00bbno\u00bb tablet_bg_img_hidden=\u00bbno\u00bb [&hellip;]","og_url":"https:\/\/teamsecuresac.com\/","og_site_name":"TEAM SECURE SAC","article_modified_time":"2025-07-14T20:16:10+00:00","twitter_card":"summary_large_image","twitter_misc":{"Tiempo de lectura":"3 minutos"},"schema":{"@context":"https:\/\/schema.org","@graph":[{"@type":"WebPage","@id":"https:\/\/teamsecuresac.com\/","url":"https:\/\/teamsecuresac.com\/","name":"Home Video - TEAM SECURE SAC","isPartOf":{"@id":"https:\/\/teamsecuresac.com\/#website"},"datePublished":"2021-08-03T08:30:51+00:00","dateModified":"2025-07-14T20:16:10+00:00","breadcrumb":{"@id":"https:\/\/teamsecuresac.com\/#breadcrumb"},"inLanguage":"es","potentialAction":[{"@type":"ReadAction","target":["https:\/\/teamsecuresac.com\/"]}]},{"@type":"BreadcrumbList","@id":"https:\/\/teamsecuresac.com\/#breadcrumb","itemListElement":[{"@type":"ListItem","position":1,"name":"Portada","item":"https:\/\/teamsecuresac.com\/"},{"@type":"ListItem","position":2,"name":"Home Video"}]},{"@type":"WebSite","@id":"https:\/\/teamsecuresac.com\/#website","url":"https:\/\/teamsecuresac.com\/","name":"TEAM SECURE SAC","description":"My WordPress Blog","potentialAction":[{"@type":"SearchAction","target":{"@type":"EntryPoint","urlTemplate":"https:\/\/teamsecuresac.com\/?s={search_term_string}"},"query-input":{"@type":"PropertyValueSpecification","valueRequired":true,"valueName":"search_term_string"}}],"inLanguage":"es"}]}},"_links":{"self":[{"href":"https:\/\/teamsecuresac.com\/index.php?rest_route=\/wp\/v2\/pages\/1922","targetHints":{"allow":["GET"]}}],"collection":[{"href":"https:\/\/teamsecuresac.com\/index.php?rest_route=\/wp\/v2\/pages"}],"about":[{"href":"https:\/\/teamsecuresac.com\/index.php?rest_route=\/wp\/v2\/types\/page"}],"author":[{"embeddable":true,"href":"https:\/\/teamsecuresac.com\/index.php?rest_route=\/wp\/v2\/users\/1"}],"replies":[{"embeddable":true,"href":"https:\/\/teamsecuresac.com\/index.php?rest_route=%2Fwp%2Fv2%2Fcomments&post=1922"}],"version-history":[{"count":8,"href":"https:\/\/teamsecuresac.com\/index.php?rest_route=\/wp\/v2\/pages\/1922\/revisions"}],"predecessor-version":[{"id":9456,"href":"https:\/\/teamsecuresac.com\/index.php?rest_route=\/wp\/v2\/pages\/1922\/revisions\/9456"}],"wp:attachment":[{"href":"https:\/\/teamsecuresac.com\/index.php?rest_route=%2Fwp%2Fv2%2Fmedia&parent=1922"}],"curies":[{"name":"wp","href":"https:\/\/api.w.org\/{rel}","templated":true}]}}